- 28 = -2*r, z*r - 13 = -3*u + 15. List the prime factors of r.
2
Suppose -3*b = 5*b - 10*b. Suppose 48*l - l - 42159 = b. List the prime factors of l.
3, 13, 23
Suppose u = 47 + 8. Suppose -5*q + 3*m - 11 = 110, m = -2*q - u. List the prime factors of 12848/143 + (-4)/q.
2, 3, 5
Suppose -4*m + 0 = -16. Let q(f) = -36*f + 7. Let a(l) = -19*l + 4. Let r(d) = m*q(d) - 7*a(d). List the prime factors of r(-6).
2, 3, 11
Let h be 22/132 + 646/12. Let k be ((-1008)/h)/(4/(-6)). Suppose 34 = -k*i + 29*i. What are the prime factors of i?
2, 17
Suppose 2*h + 19 = -2*m - 17, 3*m = -12. Let f be h/(-4)*(-7 - -11). What are the prime factors of f - (-1 - 2/2)?
2
Suppose 4*w = 6349 - 317. Suppose 25*h + h = w. What are the prime factors of h?
2, 29
Suppose -4*x - 137 + 433 = 0. Suppose -z + 125 = -x. What are the prime factors of z?
199
Let h(c) = -2*c + 10. Let k be h(13). Let r be 481/91 + k/7 + 2. Suppose 4*a + 228 = r*u - 3*u, 2*u - 244 = -4*a. List the prime factors of u.
2, 59
Let f(p) = -p**2 + 27*p + 32. Let x be f(28). Suppose x*q = 9*q - 20, 2*j + 142 = -2*q. Let t = j + 212. What are the prime factors of t?
137
Let t(n) = 21*n**3 - 30*n**2 + 358*n + 116. What are the prime factors of t(14)?
2, 7109
Let c(m) = 3*m**3 + 23*m**2 + 15*m + 9. Let s be c(-7). Suppose 2*n - 4*i = 2096, -5*n + 3156 = -s*n - 2*i. What are the prime factors of n?
2, 17, 31
Let b be (-5)/(-20) + 824/32. Suppose 0 = -24*y + b*y - 1126. List the prime factors of y.
563
Let s(n) = -n**3 + 19*n**2 - 21*n + 10. Let b be s(13). Let k be (-22)/88 + b/(-4). Let m = k + 345. What are the prime factors of m?
157
Let h = -154 + 965. Let u = h + -281. What are the prime factors of (64/80)/(4/u + 0)?
2, 53
Let i be (238/(-28))/(4*3/168). List the prime factors of 51500/35 - (-51)/i.
1471
Suppose -52*w + 1854 = -46*w. Let k = -59 + w. What are the prime factors of k?
2, 5
Let b(y) = 86*y + 280. Let g be b(14). List the prime factors of (77/2)/(53/g).
2, 7, 11
What are the prime factors of 56/21*(((-94106)/4)/(-1) - -7)?
2, 29, 541
Let u be (54/45)/((-1)/150). Let t = u - -43. Let c = -11 - t. List the prime factors of c.
2, 3, 7
Let u be 2/(-4) + 11/2 - -2. Suppose 0 = -2*d - 3*k - 2, -3*k = u - 1. What are the prime factors of (d/2*-159)/(-1)?
3, 53
Suppose 0 = u + 2 - 4. Suppose 0*z - u*z + 495 = 3*n, n = -4*z + 1015. What are the prime factors of z?
3, 5, 17
Suppose 3*s = -5*j - 10076, 7*j = 5*j - 2*s - 4028. Let n = -1242 - j. What are the prime factors of n?
5, 31
What are the prime factors of (-1)/((-276070)/46010 + 6)?
43, 107
Let c(l) = -l**2 + 65*l + 278. What are the prime factors of c(33)?
2, 23, 29
List the prime factors of (-2 + 33/12)*(-104312)/(-102).
13, 59
Suppose -2*m + 273 + 355 = 0. Suppose -4*r + m = -714. What are the prime factors of r?
257
Let i(u) = 18*u - 1. Let y be 8 + 1/((-5)/15). Let m be i(y). Suppose 5*w + m = 284. List the prime factors of w.
3, 13
Let p(u) = 1898*u + 387. What are the prime factors of p(4)?
79, 101
Suppose 117990 = -9*i + 28*i. Suppose 135*k - i = 130*k. List the prime factors of k.
2, 3, 23
Suppose 11*y + 6456 = 5*y. Let s = 1903 + y. What are the prime factors of s?
827
Suppose r + 5*f - 21 = 0, 2*r + 52 = -4*f + 70. Let p(n) = n**3 - n**2 - n - 1. Let k be p(0). What are the prime factors of ((5 - 0)/r)/(k/(-15))?
3, 5
Let d = 7 + -5. What are the prime factors of (-3 + 1)/(d/(-145))?
5, 29
Let v be ((-3)/(-4))/(1/40). Let t = -24 + v. Suppose t*c = 4*c + 2*o + 300, 0 = -2*c + 3*o + 297. List the prime factors of c.
3, 17
Let h(i) = 3*i**3 - i + 1. Let u be h(-2). Suppose 342 = 4*b + 2*d, -2*d = -0*d - 10. Let m = b + u. What are the prime factors of m?
2, 31
Let y(v) = 50*v**3 + 4*v**2 - 141*v + 29. List the prime factors of y(8).
19, 1303
Suppose -105*d + 107*d - 24 = 0. Let o be (-4)/d + 4/(48/3436). Suppose 3*g - 269 = o. What are the prime factors of g?
5, 37
Let o(m) = -6*m**3 + 7*m**2 + 5*m - 89. Let u(w) = 7*w**3 - 8*w**2 - 4*w + 90. Let i(l) = -4*o(l) - 3*u(l). What are the prime factors of i(6)?
2, 271
List the prime factors of -36177*-10*9/90.
3, 31, 389
Let c = 13323 - 9736. What are the prime factors of c?
17, 211
Let q = 2198 + 18. Suppose -3*b - 221 + q = 0. List the prime factors of b.
5, 7, 19
Let t(u) = -3*u**2 + 7*u + 2. Let j be t(2). Suppose -3*y + 484 = j*f, 67 = y - 3*f - 90. List the prime factors of y.
2, 5
Let s be -3 + 4 + (1/1 - 3). Let r be 4 + (s - 4) + -3. What are the prime factors of (3*r)/3 + 89?
5, 17
Let m be (-9 + 18)*(-7)/(-3). List the prime factors of (664/6)/((-49)/m + 3).
2, 83
Let m = -19808 - -28424. List the prime factors of m.
2, 3, 359
Let j = 95224 + -52846. List the prime factors of j.
2, 3, 7, 1009
Let n(y) = y**3 - 21*y**2 + 20*y + 8. Let c be n(20). Let u be 82/c + ((-147)/28 - -5). Suppose -u*g = -12*g + 50. What are the prime factors of g?
5
Suppose 46*z = 43*z + 54. Suppose x = -x - z. What are the prime factors of (1/12 - 6/x)*104?
2, 3, 13
Let a(o) = 2*o + 14. Let y be a(-6). Let z be 4/y + 1 + 0. Suppose -z*d + 278 + 109 = 0. List the prime factors of d.
3, 43
Suppose 0 = d + 3*o - 2, -d - 7 = d - 5*o. Let r be 8/16*2/d. What are the prime factors of 54 + r + -6 + 3?
2, 5
Let i = 366 + -379. Let v be (-7)/21 + (-400)/(-3). Let y = v + i. List the prime factors of y.
2, 3, 5
Let h(k) = 2*k**3 - 13*k**2 - 3*k - 28. Let x be h(7). Suppose -54*j + 46*j + 320 = x. What are the prime factors of j?
2, 5
Suppose 5*g - 2*b = -1152, -20*g + b = -22*g - 468. Let q = 1075 + g. List the prime factors of q.
3, 281
Suppose 38374 = 54*u - 122818 + 18146. What are the prime factors of u?
3, 883
Let x = 20 + -24. Let o be (-379)/2*x*13/26. Suppose -4*m = -5*q + o, q - 74 = -m - 0*m. List the prime factors of q.
3, 5
Let j(q) = 549*q - 110. List the prime factors of j(7).
3733
Let j(v) = -2*v**3 + 8*v**2 + 2*v + 80. Let w be j(-8). Let o = w + -597. What are the prime factors of o?
17, 59
Let w(x) = -x**3 - 2*x**2 - 2*x - 2. Let i be w(-2). Let k(u) = 0 + 1 + 3*u - 2 - 5 + 5*u**i. List the prime factors of k(3).
2, 3
Let g(p) = -p**3 - 5*p**2 + 8*p + 12. Let f be g(-6). Suppose -5*c + 2*i - 70 = f, -2*c - 38 + 4 = -2*i. What are the prime factors of (1*c/18)/(2/(-18))?
2, 3
Let z be (2 - -107 - -1)/((-3)/(-3)). Let t be (z/(-6) + 4)*-3. Suppose -122 = -y + t. List the prime factors of y.
3, 5, 11
Suppose -636723 = -28*j + 546081. What are the prime factors of j?
3, 14081
Let y(t) = -8 + 7 - 46*t + 3. What are the prime factors of y(-5)?
2, 29
Let t = 4962 + -3500. Suppose 15*i + t = 3802. What are the prime factors of i?
2, 3, 13
What are the prime factors of 45531/6 - (10 - 253/22)?
2, 3, 5, 11, 23
Let q be 4/(-3)*(-117)/(-6). List the prime factors of (-130)/4*q/5.
13
Let o = -173 - -142. What are the prime factors of (0 - o)*(-1)/4*-28?
7, 31
Let t(k) = 2*k + 21 + 30 + 17 - 12. Let i be t(-28). Suppose 4*y + 0*y - 236 = -4*r, -3*r - 6 = i. List the prime factors of y.
61
Let m be (7/(-28)*6)/((-1)/12). Let g(v) = v**3 - 16*v**2 - 23*v - 12. List the prime factors of g(m).
2, 3, 37
Suppose 12*i + 67241 = 14*i - 3*b, -134537 = -4*i - 5*b. Suppose 29*l + 4831 = i. List the prime factors of l.
3, 331
Let r(h) = -h**2 + h - 2. Let v be r(0). List the prime factors of v*229*(-3)/6.
229
Let p be (-60)/(28/33 - 18/99). What are the prime factors of 10*(p/5)/(30/(-4))?
2, 3
Suppose 0 = 23*x - 3142 - 2286. Let t = x - 97. List the prime factors of t.
139
Let v = 1287 - 692. Suppose 31*d - 87 = v. List the prime factors of d.
2, 11
Let y be (3 + -4 - -1) + (0 - -9). Suppose -y*a + 4*a = 10. What are the prime factors of 861/6 + 9/6 + a?
11, 13
Let r(x) = -x**3 + 5*x**2 + 4*x - 2. Let d be r(-2). Suppose 852 = d*j - 14844. List the prime factors of j.
2, 109
Let x(s) = 13*s**2 + 18*s + 74. What are the prime factors of x(-17)?
3, 5, 47
Let w = 4637 + -1741. List the prime factors of w.
2, 181
Let y(c) = 935*c - 4454. What are the prime factors of y(15)?
17, 563
Let i = -362 + 1622. Suppose -4*c + 204 = -i. What are the prime factors of c?
2, 3, 61
Suppose 23*w = 20*w + 441. List the prime factors of w.
3, 7
Let m(h) = -6*h**3 - 31*h**2 + 3*h - 1. List the prime factors of m(-12).
5867
Let j(v) = v - 36 + 18 + 12. Let p be j(9). Suppose 4*b = 5*l - 722, b + 571 = p*l + l. What are the prime factors of